v?
9
What is the units digit of (-1 - ((-225)/20)/5) + 520496/64?
4
What is the units digit of (-25 + 1163504/(-96))*-6?
9
Let t = 35 + -35. Suppose t = -3*l + 1048 - 316. Suppose -11*o = -7*o - l. What is the tens digit of o?
6
Suppose 9*r = 8*r - 6, -4*r = l + 148. Suppose 0 = -2*h + 6*h - 856. Let d = l + h. What is the tens digit of d?
9
Suppose 3*g + 14897 = 2*c, 0 = -c + 3*g + 8892 - 1445. Suppose 39*a - 49*a + c = 0. What is the hundreds digit of a?
7
Let w(g) = -12151*g - 7871. What is the units digit of w(-7)?
6
Let c be (14/(-6) - -2)/(5/(-30)). Suppose h - 29 = c*m, 0 = 4*h + 2*m + m - 72. Suppose 3*s - 396 = -3*y, s - h = 5*y + 141. What is the hundreds digit of s?
1
Suppose 0 = 5*o + m + 8543, 2*o + 4338 - 931 = 3*m. Let j = -883 - o. Suppose -12*f + 7*f = -j. What is the units digit of f?
5
Suppose -22*y = 132212 - 109834 - 865220. What is the tens digit of y?
1
Let p(z) = -z**3 - 7*z**2 - 16*z + 2. Let i be p(-6). Let k(m) = i*m**2 + 3*m + 2*m - 20 - 2*m - 59*m**2. What is the units digit of k(-6)?
0
Suppose -h - 5547 = -s - 0*h, 0 = -2*s - 4*h + 11082. Suppose 6*z + 685 = s. What is the tens digit of z?
1
Let z = 40 + -137. Let y = 23 + z. Let s = 144 + y. What is the units digit of s?
0
Let m be 1/1*(5 + -5 + -16). Let g be (0 - -15)*m/20. What is the units digit of 176/6 - (1 - (-8)/g)?
9
Suppose -d + 3266 = 6*t - 10*t, -4*d + 13004 = 4*t. What is the hundreds digit of d?
2
Let m(j) = -2*j**3 - 5*j - 2. Let b(v) = v**3 - v**2 + v. Let t(h) = 3*b(h) + m(h). Let x be t(5). Let l = 81 - x. What is the tens digit of l?
4
Suppose 45*o = f + 46*o + 134, o - 138 = f. Let v be (2 + 58/2)*-1. Let b = v - f. What is the hundreds digit of b?
1
Suppose 30 = -3*z + 30. Let m(j) = -8*j + 229. What is the tens digit of m(z)?
2
Let m(a) = 450*a + 21. Let y be m(3). Suppose 208*d - y = 205*d. What is the tens digit of d?
5
Let z be ((-35)/15)/(2/(-558)). Suppose z + 703 = 2*c. Let n = -452 + c. What is the tens digit of n?
2
Suppose j + 1 = -2*y, -2*j + 16 = 3*y - 5*y. Suppose 0 = j*o - 10*o - 4*a + 1487, 304 = o + 3*a. What is the tens digit of o?
9
Let t be 2*(-2 + 1*(-35)/(-10)). Suppose -5*c = 5*n - 2630, -t*n = -8*n - 2*c + 2636. What is the hundreds digit of n?
5
Let t be (-2)/(((-20)/15)/(-2)). Let b be (-63 + t)/(-2 + 0). Let c = b - -60. What is the units digit of c?
3
Suppose 4*m + 2*q = 34, 5*q + 25 = 10*q. Let n = 271 + m. What is the tens digit of n?
7
Let c(s) = -259*s + 492. What is the tens digit of c(-24)?
0
Suppose 5*g + 56 = 46. What is the units digit of (-126)/15*35/g*1?
7
Suppose -5*g = -10651 - 6199. Suppose 48*y - 38*y = g. What is the hundreds digit of y?
3
Let i = -4394 + 13092. What is the thousands digit of i?
8
Let j(u) = 137*u + 400. What is the units digit of j(14)?
8
What is the tens digit of ((-85)/17)/((-1)/14478)?
9
Let a = 9339 - -20677. What is the tens digit of a?
1
Suppose 2*g + q = 3794, -g + q + 1888 = -3*q. Suppose g + 2758 = 13*v. What is the units digit of v?
8
Let d = -11 - -16. Let p(r) = r**3 + 14*r**2 - 8*r + 148. Let s be p(-13). Suppose -u - a = -88, d*u - 13 - s = -2*a. What is the tens digit of u?
8
Suppose 266*x = 263*x + 3363. What is the units digit of x?
1
Let c = 174 + -176. Let g(z) = -53*z + 18. What is the tens digit of g(c)?
2
Suppose 4*t = 5*t + 3*b - 10311, -4*b = 0. What is the units digit of t?
1
Suppose -2*p + 5*p = 5*y + 385, 3*y = -3*p + 393. Let w = 219 - p. What is the tens digit of w?
8
Suppose -48*v + 5*u + 33876 = -47*v, -101628 = -3*v - 3*u. What is the units digit of v?
6
Suppose 3*y + 21553 = f, 0 = 5*f + 3*y - 177959 + 70176. What is the hundreds digit of f?
5
Let g(r) = 89*r**2 - r + 1. Suppose -4 = -3*w + 2. Let f be g(w). Suppose 5*z = 5*p + f, -p = -z - z + 139. What is the tens digit of z?
6
Let u be 2/6 + ((-2289)/9)/7. Let k = u - -235. Let m = -83 + k. What is the tens digit of m?
1
Let r(z) = -z**3 - 8*z**2 - 9*z - 5. Let u be r(-6). Let a(b) = -4*b - 110. Let x(l) = l + 36. Let y(s) = 2*a(s) + 7*x(s). What is the units digit of y(u)?
5
Suppose 2 + 4 = 4*i + 2*s, -5*s = 2*i + 1. Suppose 4*b - 3*c - 1485 = 0, -35*c + 31*c = -20. Suppose 0 = i*l - b - 171. What is the units digit of l?
3
Let s = 77 - 64. Suppose -s*m = -12*m + 7. What is the hundreds digit of (2 - 8/5)/(m/(-2205))?
1
Let r(a) = -2*a**3 + a - 15*a**2 + 16 - 14 - 39 + 2*a**2. What is the tens digit of r(-9)?
5
Let s = 9132 - 3125. What is the tens digit of s?
0
Suppose -2590 = 9*i - 16*i. Suppose -3*z - 89 = -b - 7*z, -i = -5*b - 5*z. What is the units digit of b?
9
Let q(a) = 179*a**3 - 18*a**2 + 47*a + 3. What is the hundreds digit of q(4)?
3
Let h(u) = 46*u + 1. Let l be h(3). Suppose 3*m - 116 - 121 = 3*y, 334 = -4*y - 2*m. Let g = l + y. What is the tens digit of g?
5
Suppose -127225 = 121*c - 302370 - 266868. What is the tens digit of c?
5
Let g = -18 - -20. Let b(u) = -u**3. Let k be b(g). What is the tens digit of (k/10)/(12/(-1590))?
0
Let p = -224 - -113. Let v = 63 + p. What is the hundreds digit of (-1*23*1)/(8/v)?
1
Let o = -629 - -1708. Suppose 3*j + 5 = 3*n - j, -3*n + 13 = -2*j. What is the units digit of n/35 + o/5 + 1?
7
What is the hundreds digit of ((777/12)/7)/((-37)/(-3552))?
8
Suppose 4*u - 27 = 1065. Suppose 7*b - u - 21 = 0. What is the tens digit of b?
4
Suppose 3*v - 3 = 4*f, 11*v - 6*v = -5*f - 30. What is the units digit of (138/(-18))/(v/270)?
0
Suppose 0 = -83*t + 89*t + 48. What is the hundreds digit of 6 + -1 + (-1040)/t?
1
Suppose -2*d + 50 = l, 3*l = 3*d + 4*l - 73. Suppose 21*b = d*b. Suppose 2*c - 84 + 30 = b. What is the units digit of c?
7
Let z(y) = 89*y + 6. Let l(o) = -89*o - 8. Let t(j) = 2*l(j) + 3*z(j). Suppose n = -n + 2. What is the units digit of t(n)?
1
Let v(a) = -605*a + 21. Let w be v(2). Let m = w + 2108. What is the hundreds digit of m?
9
Let f = 13507 + -7717. What is the hundreds digit of f?
7
Let v(s) = 4*s**2 + 155*s - 688. What is the tens digit of v(-87)?
0
Let s = -337 + 654. Suppose s = y + 111. What is the tens digit of y?
0
Let c(n) = 1511*n + 7. Let d be c(3). Suppose 8*x - 412 = d. What is the hundreds digit of x?
6
Let a be (-10)/45 + (-25)/9. Let l be -13*(-1 + 1 + a). Let y = l - -89. What is the hundreds digit of y?
1
Suppose 5*a + 39 = 54. Suppose -a*r + 10 = -203. What is the units digit of r?
1
Suppose 0*j = -2*j + 5*b + 1, -4*b = -5*j + 11. Suppose j*s + 4*y = -5 + 22, 2*s = 5*y + 42. Suppose 9 + s = 2*v. What is the tens digit of v?
1
Suppose -b + 37134 = -5*t, -t + 69467 = 14*b - 450196. What is the ten thousands digit of b?
3
Suppose 8*l - 3*l = 5, -94 = 2*t - 4*l. Let n(b) = -8*b - 141. What is the tens digit of n(t)?
1
Let o be ((-2)/3)/((-1)/(-6)). Suppose 3*s + 85*y - 88*y - 9 = 0, -s = -5*y - 31. What is the units digit of o*(39/(-2) + s/4)?
2
Suppose 4*c - 17555 = -c - 2*p, -3*c - p + 10533 = 0. Let o = c - 1513. What is the hundreds digit of o?
9
Suppose -39*m + 1772264 = 65*m. What is the hundreds digit of m?
0
Let z(j) = 2*j**2 - 2*j - 1. Let h be z(2). Let k be -26*h/18 + 1/3. What is the tens digit of 1 + k/5 - 1377/(-15)?
9
Suppose 9326 = 2*p + 10*z - 12*z, -3*z - 18652 = -4*p. What is the tens digit of p?
6
Let g be 4 - (0 - 5 - -2197). What is the units digit of 2/4*1/((-2)/g)?
7
Suppose 0 = -j - 4*j + 80. Let i(v) = 14*v**2 - 75*v + 93. Let w(a) = 5*a**2 - 26*a + 31. Let c(m) = 4*i(m) - 11*w(m). What is the units digit of c(j)?
3
Let i(r) = 3*r**2 + 16*r - 828. What is the hundreds digit of i(-44)?
2
Let z = -94 + 54. Let x = z + 45. What is the tens digit of (x + -1 - 6)*663/(-6)?
2
Suppose 4*o + c - 196 = 0, -5*o + 245 = 2*c - 5*c. Let i = o - 45. Suppose 0 = 4*n - 4*t - 380, 0*n + i*t = 2*n - 200. What is the units digit of n?
0
Suppose 2151 = -14*q + 5*q. Let g be ((-15)/9)/(-5) + q/(-3). Let d = g + 5. What is the units digit of d?
5
Let h be (-3)/(9/(-6)) + -2. Let w(g) = -g**3 - 14*g + 271. What is the hundreds digit of w(h)?
2
Let o be 0 + 8*-2 + 4. Let y(g) = -g**2 - 14*g + 18. Let z be y(o). Let h = 28 + z. What is the units digit of h?
0
Suppose 867 = 9*i + 12. Let l = i + 621. What is the tens digit of l?
1
Let c(d) = -d**3 + 55*d**2 - 52*d - 380. What is the units digit of c(51)?
2
Suppose -m - 3*m = 5*a + 2020, -a + 505 = -m. Let d = -18 - m. What is the hundreds digit of d?
4
Let z be 